
Calculate 20 + -14 - (1 + 6).
-1
(-9 + 4 - (-15 + 1)) + -1
8
What is (-3 - -2) + 0 + 9?
8
9 + -8 + (4 - 10) + 3
-2
What is the value of 5 - 3 - -1 - (-1 - 0)?
4
3 + -3 + 5 + -3
2
Evaluate 15 - 14 - (-1 - 0).
2
Calculate (2 - -4 - -1) + 4 + -6.
5
Calculate (1 - -2) + -5 + -3 + 2.
-3
-7 - (2 + -7 + 3)
-5
What is the value of 4 + -5 + -2 - (-1 + 2)?
-4
-6 - (-6 + -5 + 3) - 6
-4
Calculate -2 - -12 - (-1 + 6).
5
-6 - (6 - (-1 - -8) - 7)
2
What is the value of -7 - ((-13 - -5) + 6)?
-5
Evaluate 3 - -4 - 6 - (1 - 0).
0
Calculate 32 + -34 - (1 - 2).
-1
What is the value of 1 + (5 - (3 + -2 - -2))?
3
Evaluate (28 - 34) + (1 - -3) + -4.
-6
-1 + -3 + (18 - (27 - 14))
1
Calculate 13 - (15 - 2 - 7).
7
(0 + -2 - 2 - -1) + 0
-3
Calculate 14 - 0 - (4 + 3).
7
Evaluate 6 + 0 + -14 - -9.
1
Evaluate 1 + 0 + (-21 - -18).
-2
What is (-2 - -8) + 21 + -21?
6
What is 4 + -3 + 1 - -3?
5
What is (-3 - (-4 + -4)) + -10?
-5
What is the value of 0 + (3 - (3 - -2)) - 0?
-2
What is (0 - (-5 + 6)) + -1?
-2
3 + (6 - (-3 + 7)) + -4
1
1 - -11 - (41 - 27)
-2
What is the value of (26 - 30) + -1 + 2 - 4?
-7
What is 4 - (0 + 1 - 0)?
3
Evaluate (-5 - (-2 - -8)) + 9.
-2
What is 4 + 1 - ((7 - 11) + 9)?
0
Evaluate (-3 - (-1 - 0)) + -10 + 14.
2
What is the value of 1 - 6 - -9 - 0?
4
What is (1 - 9 - -10) + 1 + -4?
-1
What is 9 + (-19 - (-10 + (5 - 0)))?
-5
What is the value of (0 - (5 - (5 + -1))) + 3?
2
(5 - (0 - -5)) + 3 + -4
-1
Evaluate (-7 - (0 + -6)) + 4 + -2.
1
What is -6 + 1 + (23 + -31 - -8)?
-5
Calculate -5 - 2 - -2 - 2.
-7
What is the value of 7 + -1 + 1 + (1 - 8)?
0
3 + (9 + -7 - 0)
5
Calculate 6 + -5 - -5 - (-2 - 0).
8
Calculate 1 + 2 + -4 + -2 + 0.
-3
Evaluate 1 + -3 + -2 + 4.
0
0 - ((1 - 1) + -1 - 2)
3
What is the value of 1 - -2 - ((16 - -2) + -13)?
-2
Evaluate -4 + (0 - (-8 + 3)).
1
Calculate 10 + (-19 - (13 + -22)).
0
Evaluate -1 + 6 + 5 + -14 + -5.
-9
8 + -4 - -1 - (0 + -2)
7
What is -1 + (-12 - -7 - -4)?
-2
What is (5 - 7) + 2 + 0 + 4?
4
What is -1 - (-4 + (9 - 1))?
-5
What is (6 - 2) + 4 + -3 + -10?
-5
Calculate 7 - (-6 + 5 - -9).
-1
-4 + -3 + 1 + 3
-3
Calculate (-1 - -5) + -14 - -10.
0
Evaluate (-1 - -2) + 3 + (2 - 11).
-5
Evaluate -5 - (16 - 21 - (2 - 1)).
1
2 - (0 - -5) - -7
4
Calculate 11 - (16 + -7) - -6.
8
Calculate 2 + (-7 + 7 - 5 - -8).
5
(-3 - -3) + -3 - -2
-1
What is the value of (18 - 30) + 6 - (-4 + 2)?
-4
2 - (9 - 10) - (2 - -3)
-2
What is the value of (5 - -1) + 38 + -49?
-5
Evaluate (-5 - -6 - 4) + 7.
4
What is the value of -9 + (15 - 9) - 2?
-5
What is (-2 - (10 + -12)) + (0 - 1)?
-1
Evaluate (-11 - -6) + 6 + 2.
3
6 - ((-3 - -2) + 5)
2
What is (4 - (-3 + 4)) + -4 - -5?
4
Evaluate 8 + -5 + -7 + 8.
4
Calculate (-6 - -1) + (-2 - -6).
-1
4 - (-3 - -6 - 0) - -3
4
What is -6 + (1 - 2 - (-2 + -1))?
-4
Calculate -5 + (-5 - -10) - 5.
-5
What is 10 + -13 + 4 + 6?
7
What is the value of -2 + 1 + (6 - (3 + 2))?
0
What is 1 + 0 + 1 - (86 + -87)?
3
What is the value of 5 + -10 + 7 + -1?
1
(3 - (-4 + 4 + 4)) + 1
0
Evaluate (7 - 0) + (-2 - 5).
0
What is (-19 - -12) + 16 + -1?
8
What is (0 - -2) + (7 - 13) + 9?
5
What is -22 - (-20 - -14) - -7?
-9
-32 - -27 - (1 + -11)
5
What is the value of -10 + 18 - (2 + 3)?
3
What is 3 + 0 + 1 - -5?
9
Evaluate 2 + 1 - -3 - 7.
-1
-5 + -2 + 11 - -2
6
What is the value of -2 - (-2 + 5 + -5)?
0
Calculate (-1 - (2 + -6)) + -2 + -4.
-3
What is (-8 - (-11 - 2)) + 0 + -1?
4
What is -5 + (-3 - (-8 - -3))?
-3
Evaluate -2 + (-9 - -1) + 15.
5
What is the value of 4 + (5 + -6 - 3) + 1?
1
What is 2 + 1 - (-1 - -2)?
2
-3 - (-9 + 21 - 10)
-5
What is 3 + (8 - 17) + 4?
-2
Evaluate (-2 - 13 - -8) + 10.
3
What is the value of 19 + -17 + (-1 - (1 - 5))?
5
What is 0 - (9 + -6 + 3 + -10)?
4
Evaluate 0 - (2 - (3 + -2)).
-1
Evaluate (-4 - -3) + (-1 - -1).
-1
What is 12 - (7 + -4 + 4)?
5
-16 - -11 - ((2 - 2) + -7)
2
What is -4 + (-6 - -8) - -5 - 14?
-11
What is the value of (3 - (5 + -1)) + 1?
0
Evaluate 1 + 2 + 23 + -28.
-2
What is 1 - 0 - ((-10 - -5) + 4)?
2
Evaluate -5 + (-1 + 4 - -5).
3
-44 + 40 - (1 - -1)
-6
Evaluate -2 + 1 + 3 + (-1 - -3).
4
What is (-1 - -9 - (13 + -10)) + 3?
8
Calculate 1 - 8 - (6 - (8 + 0)).
-5
Evaluate 2 + -6 - (-1 - 1).
-2
Evaluate -3 - 4 - (-11 - -1).
3
10 + -13 - (-7 + -5 + 1)
8
What is the value of (0 - 3) + -4 + 5 + -2?
-4
Calculate -5 - (-5 + -7 - -4).
3
Calculate (7 - (11 - -4)) + (11 - -1).
4
Calculate (2 - 1) + (-9 - (-13 - -3)).
2
What is the value of -5 - (-5 - -7 - 8)?
1
Calculate -4 + (3 - (-9 - -12)).
-4
-9 + 14 + 3 + -5
3
Calculate -2 - (4 - 3) - 2.
-5
(0 + 2 - (-2 + 4)) + -3
-3
Evaluate 3 + 9 + -3 + -4.
5
What is the value of 2 + -7 + (6 - 4)?
-3
Evaluate 1 + 10 + 18 + -25.
4
Evaluate 6 + -3 + -1 + -6.
-4
What is the value of -1 + (-2 - (5 + -9))?
1
Calculate -3 - 1 - (-4 + -4) - 0.
4
What is -6 - -13 - (-1 + 2)?
6
Calculate 5 - (9 + (-2 - -3)).
-5
Evaluate -5 - (-1 + (5 - (-2 - -14))).
3
What is -15 + 16 + 5 - (-4 - -1)?
9
Calculate -2 + 2 + -1 - (3 + 0).
-4
What is 2 - ((-1 - 0 - -4) + -5)?
4
What is -6 + (33 - 7) + -9?
11
(-14 - -9 - 0) + 1
-4
Evaluate 3 + 1 + -4 - -5.
5
Evaluate -3 + (-2 - (3 + -2) - -8).
2
What is the value of (-1 - (-2 + -5)) + -3 + -11?
-8
Evaluate -2 + 0 - (-18 + 16).
0
Evaluate -9 + (4 - (-6 - -6)).
-5
What is (-9 + 12 + -7 - -11) + -12?
-5
What is the value of 10 - (-6 + 3 + 6)?
7
Evaluate 2 - (-20 - -15) - (-1 - -13).
-5
What is the value of 2 + 1 + -8 + 1 + 9?
5
What is (10 - (4 - 1)) + -12?
-5
What is -1 - (-3 + (-6 - -6))?
2
Evaluate (-7 - -1 - (-2 - 2)) + 0.
-2
What is the value of (64 - 67) + 0 + -1?
-4
5 + 5 + 0 + 0 + -4
6
Evaluate 9 + -5 - (2 + 5).
-3
What is (3 - 5) + (0 - -4)?
2
Calculate -4 - -5 - (6 + -2).
-3
Evaluate 0 + 5 + -22 + 20.
3
What is the value of 84 - 87 - (0 - -4) - -1?
-6
What is (6 - -3) + -11 + -2 + 5?
1
What is (2 - 15) + 21 + (-1 - 2)?
5
Evaluate 1 + (8 + -11 - -9) + -6.
1
What is the value of 3 + -8 - -8 - 6 - -3?
0
Evaluate -4 + (3 - 0 - -1).
0
What is the value of -8 - (-11 - -6 - -3)?
-6
(6 + -12 - -5) + -6
-7
Evaluate 4 + -1 + (1 - (-5 + 4)).
5
Calculate 2 - -3 - 4 - 1 - -3.
3
Calculate 4 + 9 + 29 + -40.
2
What is the value of -5 + 3 + -5 + 4 - -3?
0
What is -6 + -3 + 4 - 0?
-5
-3 + (25 - 14) + (-1 - -1)
8
What is the value of 4 - 5 - ((2 - 0) + -2)?
-1
What is the value of 1 + -2 + (-2 - -7)?
4
What is (0 + -1 - 3) + 9 + -8?
-3
Evaluate (0 - (3 + 1)) + 5.
1
Evaluate -14 + (-11 - -14) + 19.
8
What is the value of -7 + 20 + -3 + -12?
-2
What is (-2 - (5 - -1) - -4) + -1?
-5
Calculate 1 + -6 + (-1 - -4).
-2
2 + 1 - (-4 - -2)
5
Calculate 2 + -5 + 2 + 1 + 1.
1
Calculate 14 + -5 + -2 - (3 - 1).
5
What is -62 + 56 - (-10 + 1)?
3
What is the value of 10 + -2 + -11 + 7?
4
What is the value of -6 - 2 - -9 - 7?
-6
What is -9 - (-3 + 1) - -4?
-3
What is -4 + (7 - 2) + 1?
2
What is the value of 4 + -9 + 7 - 4?
-2
4 - 0 - (4 + -6 + 8)
-2
What is the value of (3 - (-4 + -4)) + -11?
0
Calculate -6 + (-1 - -6 - (15 + -11)).
-5
What is the value of -3 - (4 - (-3 + 8))?
-2
What is -9 - (10 + (-8 - 11))?
0
Calculate -5 + (-4 - -2 - -6) + 7.
6
Evaluate 2 + 3 + (19 - 26).
-2
What is 3 + (-3 - 6 - (0 - 4))?
-2
What is the value of 8 + -1 + (6 - (6 - -12))?
-5
(6 - 2 - 4) + 5 + -9
-4
Calculate -10 + 12 + 0 + (0 - -3).
5
(8 - (-7 + 4)) + -15
-4
Evaluate 8 - (-1 + (-2 - (-9 + 3))).
5
What is the value of -2 + (15 - (-6 + 14))?
5
2 + 16 - (17 + -6)
7
Calculate 1 - -4 - (3 + (-1 - 0)).
3
Calculate 18 + -17 - (2 + -6).
5
What is the value of 9 + -1 + -8 + -5?
-5
What is the value of -4 + -7 + -13 + 19?
-5
What is the value of -29 + 28 - ((2 - 2) + -2)?
1
Evaluate -6 + (-2 - (-2 - 3)).
-3
Evaluate (-2 + -1 + 1 - -2) + 5.
5
What is the value of -2 - -7 - (-15 + 16) - 1?
3
What is the value of (-11 - -11) + 11 + 3 + -8?
6
Evaluate (1 - (3 - 0)) + (-2 - 0).
-4
Calculate 0 - -3 - (-33 - -34).
2
What is the value of -1 - (-2 - (3 + -5) - 6)?
5
What is (19 - 8) + -8 - -3?
6
Calculate 3 - (-5 + (-7 - -12)).
3
What is the value of -1 + 3 + -10 + 3 + 4?
-1
What is the value of 14 + -13 + (-2 - 0)?
-1
What is the value of -13 - (-3 - (-4 + 5 - -2))?
-7
3 + -2 + 4 + -7
-2
(-3 - (-4 + -1)) + -9 + 3
-4
What is the value of 3 - 2 - (-10 - (-2 - 5))?
4
What is -8 - (1 - 10) - (-3 + 1)?
3
What is the value of -5 - (4 + (-6 - 1))?
-2
Evaluate (5 - (-4 + 10)) + 0.
-1
2 + (5 - (3 - 3)) + 0
7
Eva